{"id":29751,"date":"2023-10-23T20:17:17","date_gmt":"2023-10-23T23:17:17","guid":{"rendered":"https:\/\/www.campusvirtualunfpa.com.ar\/cursos\/login\/"},"modified":"2023-11-23T15:30:24","modified_gmt":"2023-11-23T18:30:24","slug":"login","status":"publish","type":"page","link":"https:\/\/www.campusvirtualunfpa.com.ar\/cursos\/","title":{"rendered":"Iniciar sesi\u00f3n"},"content":{"rendered":"<p>[et_pb_section fb_built=&#8221;1&#8243; admin_label=&#8221;section&#8221; _builder_version=&#8221;4.16&#8243; global_colors_info=&#8221;{}&#8221;][et_pb_row admin_label=&#8221;row&#8221; _builder_version=&#8221;4.16&#8243; background_size=&#8221;initial&#8221; background_position=&#8221;top_left&#8221; background_repeat=&#8221;repeat&#8221; global_colors_info=&#8221;{}&#8221;][et_pb_column type=&#8221;4_4&#8243; _builder_version=&#8221;4.16&#8243; custom_padding=&#8221;|||&#8221; global_colors_info=&#8221;{}&#8221; custom_padding__hover=&#8221;|||&#8221;][et_pb_text admin_label=&#8221;Text&#8221; _builder_version=&#8221;4.16&#8243; background_size=&#8221;initial&#8221; background_position=&#8221;top_left&#8221; background_repeat=&#8221;repeat&#8221; global_colors_info=&#8221;{}&#8221;][\/et_pb_text][et_pb_login title=&#8221;Iniciar sesi\u00f3n&#8221; _builder_version=&#8221;4.23.1&#8243; _module_preset=&#8221;default&#8221; background_color=&#8221;#d65519&#8243; hover_enabled=&#8221;0&#8243; global_colors_info=&#8221;{}&#8221; sticky_enabled=&#8221;0&#8243;]<\/p>\n<p>Si es la primera vez que ingresa complete el <span style=\"text-decoration: underline;\"><span style=\"color: #ffffff; text-decoration: underline;\"><strong><a href=\"https:\/\/www.campusvirtualunfpa.com.ar\/cursos\/registro\/\" style=\"color: #ffffff; text-decoration: underline;\">formulario de registro<\/a><\/strong><\/span><\/span> y se le enviar\u00e1 un mail para activar la cuenta.<\/p>\n<p>Si ya tiene usuario y contrase\u00f1a, inicie sesi\u00f3n.<\/p>\n<p>[\/et_pb_login][\/et_pb_column][\/et_pb_row][\/et_pb_section]<\/p>\n","protected":false},"excerpt":{"rendered":"<p>Si es la primera vez que ingresa complete el formulario de registro y se le enviar\u00e1 un mail para activar la cuenta. Si ya tiene usuario y contrase\u00f1a, inicie sesi\u00f3n.<\/p>\n","protected":false},"author":2,"featured_media":0,"parent":0,"menu_order":0,"comment_status":"closed","ping_status":"closed","template":"","meta":{"_et_pb_use_builder":"on","_et_pb_old_content":"[ultimatemember form_id=\"29747\"]","_et_gb_content_width":"","footnotes":""},"class_list":["post-29751","page","type-page","status-publish","hentry"],"_links":{"self":[{"href":"https:\/\/www.campusvirtualunfpa.com.ar\/cursos\/wp-json\/wp\/v2\/pages\/29751","targetHints":{"allow":["GET"]}}],"collection":[{"href":"https:\/\/www.campusvirtualunfpa.com.ar\/cursos\/wp-json\/wp\/v2\/pages"}],"about":[{"href":"https:\/\/www.campusvirtualunfpa.com.ar\/cursos\/wp-json\/wp\/v2\/types\/page"}],"author":[{"embeddable":true,"href":"https:\/\/www.campusvirtualunfpa.com.ar\/cursos\/wp-json\/wp\/v2\/users\/2"}],"replies":[{"embeddable":true,"href":"https:\/\/www.campusvirtualunfpa.com.ar\/cursos\/wp-json\/wp\/v2\/comments?post=29751"}],"version-history":[{"count":9,"href":"https:\/\/www.campusvirtualunfpa.com.ar\/cursos\/wp-json\/wp\/v2\/pages\/29751\/revisions"}],"predecessor-version":[{"id":30392,"href":"https:\/\/www.campusvirtualunfpa.com.ar\/cursos\/wp-json\/wp\/v2\/pages\/29751\/revisions\/30392"}],"wp:attachment":[{"href":"https:\/\/www.campusvirtualunfpa.com.ar\/cursos\/wp-json\/wp\/v2\/media?parent=29751"}],"curies":[{"name":"wp","href":"https:\/\/api.w.org\/{rel}","templated":true}]}}